{"id":5624,"date":"2014-03-10T14:58:15","date_gmt":"2014-03-10T12:58:15","guid":{"rendered":"http:\/\/fertigteilwerk-rau.de\/?page_id=5624"},"modified":"2020-03-11T12:36:52","modified_gmt":"2020-03-11T10:36:52","slug":"downloads","status":"publish","type":"page","link":"https:\/\/fertigteilwerk-rau.de\/?page_id=5624","title":{"rendered":"DOWNLOADS"},"content":{"rendered":"<h1><i style=\"color:#58585a !important;background-color:#ffffff !important;border:1px solid #ecd223 !important;\"class=\"fontawesome-icon medium circle-yes icon-download-alt animated\"animation_type=\"bounceInLeft\" animation_duration=\"0.5\"><\/i><\/h1>\n<div class=\"demo-sep sep-none\" style=\"margin-top:-50px;\"><\/div>\n<h2><strong>Downloads<\/strong><\/h2>\n<div class=\"demo-sep sep-none\" style=\"margin-top:-20px;\"><\/div>\n<h4>Hier finden Sie unsere Downloads als PDF<\/h4>\n<h3>Zertifikate f\u00fcr Rau Schalungssteine<\/h3>\n<div class=\"demo-sep sep-single\" style=\"margin-top:20px;margin-bottom:20px\"><\/div>\n<p><a href=\"https:\/\/fertigteilwerk-rau.de\/wp-content\/uploads\/2015\/09\/Produktzertifikat-Schalungssteine-aus-Norm-und-Leichtbeton-.pdf\">Produktzertifikat &#8211; Schalungssteine aus Norm- und Leichtbeton<\/a><\/p>\n<h3>Rau Schalungssteine<\/h3>\n<div class=\"demo-sep sep-single\" style=\"margin-top:20px;margin-bottom:20px\"><\/div>\n<p><a href=\"https:\/\/fertigteilwerk-rau.de\/wp-content\/uploads\/2014\/03\/Rau_Ma\u00dfe_Schalungssteine-Normalbeton.pdf\">Ma\u00dfe Schalungssteine aus Normalbeton<\/a><\/p>\n<p><a href=\"https:\/\/fertigteilwerk-rau.de\/wp-content\/uploads\/2014\/04\/Rau_Bausysteme_Schalungssteinprogramm_Normalbetonschalungssteine_4_2014.pdf\">Rau Schalungssteinprogramm Normalbetonsteine<\/a><\/p>\n<p><a href=\"https:\/\/fertigteilwerk-rau.de\/wp-content\/uploads\/2014\/03\/Rau_Filtersteine_mit_Rinnenstein.pdf\">Rau Filtersteine mit Rinnenstein<\/a><\/p>\n<h3>Verlegeanleitungen f\u00fcr Rau-Schalungssteine<\/h3>\n<div class=\"demo-sep sep-single\" style=\"margin-top:20px;margin-bottom:20px\"><\/div>\n<p><a href=\"https:\/\/fertigteilwerk-rau.de\/wp-content\/uploads\/2020\/03\/1-Verlegeanleitung-fu\u0308r-beids-Ausgabe-2020.pdf\">Rau Verlegeanleitung<\/a><\/p>\n<h3>Leistungsbeschreibungen Schalungssteine<\/h3>\n<div class=\"demo-sep sep-single\" style=\"margin-top:20px;margin-bottom:20px\"><\/div>\n<p><a href=\"https:\/\/fertigteilwerk-rau.de\/wp-content\/uploads\/2016\/04\/SKMBT_22316033111250.pdf\">Brandschutz und Brandw\u00e4nde<\/a><\/p>\n<p><a href=\"https:\/\/fertigteilwerk-rau.de\/wp-content\/uploads\/2015\/06\/DIBt-Richtlinie-Anwendungsregeln-Schalungssteine.pdf\">DIBt Richtlinie Anwendungsregeln f\u00fcr Schalungssteine<\/a><\/p>\n<p><a href=\"https:\/\/fertigteilwerk-rau.de\/wp-content\/uploads\/2019\/05\/Leistungserkl\u00e4rungen-Normalbeton-Schalungssteine.pdf\">Leistungserkl\u00e4rungen Normalbetonsteine<\/a><\/p>\n<p><a href=\"https:\/\/fertigteilwerk-rau.de\/wp-content\/uploads\/2016\/04\/SKMBT_22316033111020.pdf\">Neue Zulassungsnormen f\u00fcr Rau-Schalungssteine<\/a><\/p>\n<p><a href=\"https:\/\/fertigteilwerk-rau.de\/wp-content\/uploads\/2016\/04\/SKMBT_22316033111030.pdf\">W\u00e4nde aus Rau-Schalungssteinen und Lasten aus Erdbeben<\/a><\/p>\n<h3><\/h3>\n<h3>Leistungsbeschreibungen Fertigbauteile<\/h3>\n<div class=\"demo-sep sep-single\" style=\"margin-top:20px;margin-bottom:20px\"><\/div>\n<p><a href=\"https:\/\/fertigteilwerk-rau.de\/wp-content\/uploads\/2015\/07\/SKMBT_22315070111522_Wandelemente.pdf\">Leistungsbeschreibungen Wandelemente<\/a><\/p>\n<p><a href=\"https:\/\/fertigteilwerk-rau.de\/wp-content\/uploads\/2015\/07\/SKMBT_22315070111521_Stabbauteile.pdf\">Leistungsbeschreibungen Stabf\u00f6rmige Bauteile<\/a><\/p>\n<p><a href=\"https:\/\/fertigteilwerk-rau.de\/wp-content\/uploads\/2015\/07\/SKMBT_22315070111520_Treppen_Podeste.pdf\">Leistungsbeschreibungen Treppen und Podeste<\/a><\/p>\n<p><a href=\"https:\/\/fertigteilwerk-rau.de\/wp-content\/uploads\/2015\/07\/SKMBT_22315070111530_Elementdecken.pdf\">Leistungsbeschreibungen Elementdecken<\/a><\/p>\n<h3>AGB<\/h3>\n<div class=\"demo-sep sep-single\" style=\"margin-top:20px;margin-bottom:20px\"><\/div>\n<p><a href=\"https:\/\/fertigteilwerk-rau.de\/wp-content\/uploads\/2020\/03\/0-AGB-02-2018_V2020.pdf\">\u00a0AGB Stand 03_2020<\/a><\/p>\n","protected":false},"excerpt":{"rendered":"<p>Downloads Hier finden Sie unsere Downloads als PDF Zertifikate f\u00fcr Rau Schalungssteine Produktzertifikat &#8211; Schalungssteine aus Norm- und Leichtbeton Rau Schalungssteine Ma\u00dfe Schalungssteine aus Normalbeton Rau Schalungssteinprogramm Normalbetonsteine Rau Filtersteine mit Rinnenstein Verlegeanleitungen f\u00fcr Rau-Schalungssteine Rau Verlegeanleitung Leistungsbeschreibungen Schalungssteine Brandschutz und Brandw\u00e4nde DIBt Richtlinie Anwendungsregeln f\u00fcr Schalungssteine Leistungserkl\u00e4rungen Normalbetonsteine Neue Zulassungsnormen f\u00fcr Rau-Schalungssteine W\u00e4nde aus Rau-Schalungssteinen und Lasten aus Erdbeben [&hellip;]<\/p>\n","protected":false},"author":566,"featured_media":0,"parent":0,"menu_order":0,"comment_status":"open","ping_status":"open","template":"full-width.php","meta":[],"_links":{"self":[{"href":"https:\/\/fertigteilwerk-rau.de\/index.php?rest_route=\/wp\/v2\/pages\/5624"}],"collection":[{"href":"https:\/\/fertigteilwerk-rau.de\/index.php?rest_route=\/wp\/v2\/pages"}],"about":[{"href":"https:\/\/fertigteilwerk-rau.de\/index.php?rest_route=\/wp\/v2\/types\/page"}],"author":[{"embeddable":true,"href":"https:\/\/fertigteilwerk-rau.de\/index.php?rest_route=\/wp\/v2\/users\/566"}],"replies":[{"embeddable":true,"href":"https:\/\/fertigteilwerk-rau.de\/index.php?rest_route=%2Fwp%2Fv2%2Fcomments&post=5624"}],"version-history":[{"count":51,"href":"https:\/\/fertigteilwerk-rau.de\/index.php?rest_route=\/wp\/v2\/pages\/5624\/revisions"}],"predecessor-version":[{"id":6047,"href":"https:\/\/fertigteilwerk-rau.de\/index.php?rest_route=\/wp\/v2\/pages\/5624\/revisions\/6047"}],"wp:attachment":[{"href":"https:\/\/fertigteilwerk-rau.de\/index.php?rest_route=%2Fwp%2Fv2%2Fmedia&parent=5624"}],"curies":[{"name":"wp","href":"https:\/\/api.w.org\/{rel}","templated":true}]}}